e remainder when 68 is divided by 11?
2
What is the remainder when 1115 is divided by 70?
65
Calculate the remainder when 476 is divided by 53.
52
What is the remainder when 5 is divided by 1?
0
Calculate the remainder when 124 is divided by 25.
24
Calculate the remainder when 310 is divided by 18.
4
What is the remainder when 1439 is divided by 18?
17
Calculate the remainder when 297 is divided by 43.
39
Calculate the remainder when 1712 is divided by 850.
12
What is the remainder when 3618 is divided by 3?
0
What is the remainder when 24896 is divided by 30?
26
Calculate the remainder when 788 is divided by 46.
6
Calculate the remainder when 2886 is divided by 962.
0
Calculate the remainder when 153 is divided by 46.
15
What is the remainder when 4451 is divided by 15?
11
Calculate the remainder when 48 is divided by 17.
14
Calculate the remainder when 258 is divided by 20.
18
Calculate the remainder when 285 is divided by 26.
25
Calculate the remainder when 1281 is divided by 181.
14
Calculate the remainder when 1319 is divided by 12.
11
Calculate the remainder when 1883 is divided by 21.
14
Calculate the remainder when 721 is divided by 234.
19
Calculate the remainder when 227 is divided by 19.
18
What is the remainder when 8314 is divided by 2770?
4
What is the remainder when 899 is divided by 38?
25
What is the remainder when 2353 is divided by 107?
106
What is the remainder when 328 is divided by 108?
4
What is the remainder when 3261 is divided by 102?
99
What is the remainder when 1311 is divided by 66?
57
Calculate the remainder when 338 is divided by 72.
50
Calculate the remainder when 43 is divided by 33.
10
Calculate the remainder when 85 is divided by 23.
16
Calculate the remainder when 101 is divided by 7.
3
What is the remainder when 39 is divided by 7?
4
Calculate the remainder when 2574 is divided by 514.
4
Calculate the remainder when 1047 is divided by 220.
167
Calculate the remainder when 391 is divided by 202.
189
What is the remainder when 14199 is divided by 142?
141
Calculate the remainder when 34 is divided by 25.
9
What is the remainder when 105 is divided by 22?
17
Calculate the remainder when 54996 is divided by 257.
255
What is the remainder when 59 is divided by 12?
11
What is the remainder when 14 is divided by 13?
1
Calculate the remainder when 92 is divided by 20.
12
Calculate the remainder when 1530 is divided by 189.
18
Calculate the remainder when 4048 is divided by 75.
73
What is the remainder when 111 is divided by 60?
51
What is the remainder when 61 is divided by 31?
30
Calculate the remainder when 557 is divided by 262.
33
Calculate the remainder when 245 is divided by 41.
40
Calculate the remainder when 113 is divided by 17.
11
Calculate the remainder when 590 is divided by 120.
110
Calculate the remainder when 362 is divided by 90.
2
Calculate the remainder when 1041 is divided by 68.
21
Calculate the remainder when 9018 is divided by 141.
135
What is the remainder when 2014 is divided by 72?
70
What is the remainder when 109 is divided by 103?
6
Calculate the remainder when 11 is divided by 7.
4
What is the remainder when 6016 is divided by 34?
32
Calculate the remainder when 1207 is divided by 135.
127
Calculate the remainder when 278 is divided by 19.
12
Calculate the remainder when 341 is divided by 268.
73
What is the remainder when 9854 is divided by 32?
30
What is the remainder when 145 is divided by 25?
20
What is the remainder when 49 is divided by 5?
4
What is the remainder when 61 is divided by 31?
30
What is the remainder when 322 is divided by 18?
16
Calculate the remainder when 5668 is divided by 105.
103
Calculate the remainder when 20492 is divided by 14.
10
Calculate the remainder when 56 is divided by 22.
12
What is the remainder when 2159 is divided by 716?
11
What is the remainder when 1512 is divided by 752?
8
Calculate the remainder when 436 is divided by 73.
71
Calculate the remainder when 347 is divided by 25.
22
What is the remainder when 258 is divided by 67?
57
Calculate the remainder when 1797 is divided by 884.
29
Calculate the remainder when 445 is divided by 203.
39
What is the remainder when 144 is divided by 9?
0
Calculate the remainder when 165 is divided by 48.
21
Calculate the remainder when 888 is divided by 49.
6
Calculate the remainder when 134 is divided by 24.
14
What is the remainder when 9101 is divided by 37?
36
What is the remainder when 294 is divided by 73?
2
What is the remainder when 11337 is divided by 10?
7
What is the remainder when 126 is divided by 70?
56
What is the remainder when 1310 is divided by 8?
6
What is the remainder when 3215 is divided by 115?
110
Calculate the remainder when 80 is divided by 41.
39
Calculate the remainder when 2085 is divided by 8.
5
What is the remainder when 6722 is divided by 269?
266
Calculate the remainder when 3500 is divided by 9.
8
What is the remainder when 555 is divided by 26?
9
What is the remainder when 1037 is divided by 40?
37
Calculate the remainder when 4796 is divided by 60.
56
What is the remainder when 267 is divided by 45?
42
What is the remainder when 253 is divided by 134?
119
What is the remainder when 188 is divided by 50?
38
What is the remainder when 546 is divided by 93?
81
Calculate the remainder when 325 is divided by 59.
30
What is the remainder when 246 is divided by 57?
18
What is the remainder when 5858 is divided by 117?
8
Calculate the remainder when 817 is divided by 208.
193
What is the remainder when 1470 is divided by 25?
20
Calculate the remainder when 1057 is divided by 23.
22
Calculate the remainder when 2240 is divided by 2230.
10
Calculate the remainder when 34 is divided by 15.
4
Calculate the remainder when 95 is divided by 12.
11
Calculate the remainder when 147 is divided by 33.
15
Calculate the remainder when 18107 is divided by 18.
17
What is the remainder when 194 is divided by 10?
4
What is the remainder when 589 is divided by 125?
89
What is the remainder when 1726 is divided by 6?
4
What is the remainder when 472 is divided by 76?
16
What is the remainder when 164 is divided by 2?
0
What is the remainder when 131 is divided by 51?
29
What is the remainder when 1284 is divided by 184?
180
Calculate the remainder when 529 is divided by 25.
4
Calculate the remainder when 577 is divided by 98.
87
Calculate the remainder when 259 is divided by 83.
10
Calculate the remainder when 2654 is divided by 9.
8
Calculate the remainder when 311 is divided by 165.
146
Calculate the remainder when 4385 is divided by 133.
129
What is the remainder when 440 is divided by 37?
33
What is the remainder when 273 is divided by 128?
17
What is the remainder when 133 is divided by 51?
31
What is the remainder when 371 is divided by 31?
30
What is the remainder when 4174 is divided by 4154?
20
What is the remainder when 1896 is divided by 19?
15
Calculate the remainder when 197 is divided by 29.
23
Calculate the remainder when 266 is divided by 28.
14
Calculate the remainder when 308 is divided by 71.
24
Calculate the remainder when 79 is divided by 69.
10
Calculate the remainder when 1513 is divided by 33.
28
What is the remainder when 141 is divided by 11?
9
Calculate the remainder when 535 is divided by 89.
1
What is the remainder when 599 is divided by 14?
11
What is the remainder when 99 is divided by 47?
5
Calculate the remainder when 479 is divided by 80.
79
Calculate the remainder when 1005 is divided by 210.
165
What is the remainder when 59 is divided by 21?
17
Calculate the remainder when 496 is divided by 127.
115
What is the remainder when 704 is divided by 47?
46
Calculate the remainder when 458 is divided by 58.
52
What is the remainder when 3346 is divided by 62?
60
Calculate the remainder when 142 is divided by 24.
22
Calculate the remainder when 97 is divided by 79.
18
Calculate the remainder when 555 is divided by 29.
4
Calculate the remainder when 11105 is divided by 24.
17
What is the remainder when 481 is divided by 105?
61
What is the remainder when 31 is divided by 19?
12
What is the remainder when 383 is divided by 41?
14
What is the remainder when 1171 is divided by 70?
51
What is the remainder when 234 is divided by 218?
16
Calculate the remainder when 167 is